 a*q, -4*q - 5*u + 2 = 0. List the prime factors of (-4 - -3)*(-75)/q.
5
Let b(y) be the third derivative of y**5/60 - y**4/12 + y**3 - 14*y**2. Let l be b(0). Let k(z) = 3*z**2 - 16*z - 5. List the prime factors of k(l).
7
Suppose 301 = 7*q - 504. Let c(a) = a**3 - a**2 - a + 39. Let i be c(0). Let k = q + i. List the prime factors of k.
2, 7, 11
Let h = -69 + 60. Let m be ((-25)/(-15))/(3/h). List the prime factors of ((-12010)/12)/m - 4/24.
2, 5
Let b(z) = -26*z - 5. Let t(k) = -2*k - 19. Let n be t(-6). List the prime factors of b(n).
3, 59
Let o = -11345 + 20773. List the prime factors of o.
2, 2357
Let l = 25484 + 9445. What are the prime factors of l?
3, 3881
Suppose -3 = m + a - 21, -5*a - 63 = -4*m. Let i(b) = b**3 - 16*b**2 - 15*b - 6. List the prime factors of i(m).
2, 7
Let g(k) be the third derivative of k**6/72 - k**5/120 - k**4/12 - 8*k**3/3 + 2*k**2. Let o(s) be the first derivative of g(s). List the prime factors of o(-5).
2
Let w(r) = 20786*r**3 - r - 2. List the prime factors of w(1).
7, 2969
Let w be (-1120)/(-144) + 2/9. Suppose w = f + 6. Suppose 2*j - f*x + 3*x = 34, 11 = j - x. List the prime factors of j.
3, 5
Let w = -96 - -69. Let p = 25 + w. What are the prime factors of p/56*-8 - 1013/(-7)?
5, 29
Let y = -307 - -303. Let j(u) = -14*u**2 - u - 5. Let x(o) = -o - 1. Let c(h) = -j(h) - 2*x(h). List the prime factors of c(y).
3, 73
Let x = -2689 - -10917. What are the prime factors of x?
2, 11, 17
Suppose -5*b + 365 = 3*u, 0 = 5*u + 5*b - 525 - 90. Suppose r = 2*z - u - 178, 4*r - 624 = -4*z. What are the prime factors of z?
3, 17
Suppose 2*v - 90685 = -641*c + 638*c, -2*v - 30239 = -c. What are the prime factors of c?
3, 3359
Suppose -4*y + 213683 = 3*s, -2*y = 5*s - 69575 - 37284. What are the prime factors of y?
7, 13, 587
Let n = 833 - 518. Let m be (-2 + 6)/((-2)/8). List the prime factors of n/60*m/(-6).
2, 7
Let u(r) be the second derivative of -5*r**3/2 + 253*r**2/2 - r + 61. What are the prime factors of u(-13)?
2, 7
Let m(k) = -25*k - 8. Let o be m(-2). Let j be 3*(-2)/o - 660/(-14). Suppose 0 = -0*g + g + 4*l - j, g + 2*l = 45. List the prime factors of g.
43
Let d(y) be the second derivative of y**5/20 - y**4/3 - 7*y**3/3 + 11*y**2 - 168*y. What are the prime factors of d(11)?
5, 11, 13
Let g = 7254 - 3415. What are the prime factors of g?
11, 349
Suppose 481*x + 4891113 = 538*x. List the prime factors of x.
3, 28603
Let n(o) = 363*o**2 + 12*o + 13. Let x be n(-1). Suppose -1013 + x = -m. What are the prime factors of m?
11, 59
Let c = 180 - 210. List the prime factors of c/135 + (-3892)/(-18).
2, 3
Let s(m) = 2651*m**2 - 422*m + 1693. What are the prime factors of s(4)?
59, 719
Suppose -3*k + w = -34174, 4*k + 130*w = 131*w + 45563. What are the prime factors of k?
7, 1627
Let i = 26 - 26. List the prime factors of 33/132 - (i - 2958/8).
2, 5, 37
Let b = 16808 + -8605. What are the prime factors of b?
13, 631
Let s = 441 - 209. Let c = 391 + s. List the prime factors of c.
7, 89
Let g(k) = 42*k + 5*k**2 + 37*k + 2*k**3 + k**3 - 84*k. Let x(v) = -v**3 + 2*v**2 + 3*v - 3. Let r be x(2). What are the prime factors of g(r)?
3, 37
Let p(u) = -7*u**3 + 6*u**2 - 24*u + 16. What are the prime factors of p(-8)?
2, 3, 29
What are the prime factors of ((-52)/(-10))/((-46)/(-478055))?
13, 4157
Let m(c) = 14*c + 21. Let t(g) = g**3 + 9*g**2 + 13*g - 1. Let u = -67 - -60. Let w be t(u). List the prime factors of m(w).
3, 5, 7
Let w(q) = -44*q + 2. Let z be w(1). Let b = z + 41. List the prime factors of ((-69)/(-12))/(b/(-12)).
3, 23
Let x(s) = -s + 6. Let m = 16 + -13. Let h be x(m). Suppose -h*p + 137 = -4*d - 118, -5*d = 15. What are the prime factors of p?
3
Let r(v) = 6*v**3 - 3*v**2 + 20*v - 13. What are the prime factors of r(8)?
3, 1009
Let u = 8027 + 12832. List the prime factors of u.
3, 17, 409
Suppose 5*y - 15 = 0, -4*n + 2*y + 0*y + 618 = 0. Suppose -4*k + a = -n, 0 = 2*a - 8. Suppose 15*s - k = 13*s. List the prime factors of s.
2, 5
Suppose -3*b = g + 748, -3*b - 2*g + 5*g - 732 = 0. Let a = b - -459. What are the prime factors of a?
211
Let r(a) be the second derivative of a**5/20 + 7*a**4/6 - a**3/2 - 55*a**2/2 + 58*a. What are the prime factors of r(-9)?
13, 29
Let h(i) = -3499*i**2 + 5*i - 7*i - 6*i + 3524*i**2 - 9. What are the prime factors of h(-3)?
2, 3, 5
Let m(l) = 802*l**3 + 5*l**2 - 205*l + 596. List the prime factors of m(3).
2, 5, 271
Suppose -7*z + 5*b + 1140 = -2*z, 2*z - 441 = -3*b. Suppose -6*w + 7*w = 2*k - z, 561 = 5*k - w. What are the prime factors of k?
2, 7
Suppose 3 = -y, 4*q + y - 55731 = -1034. What are the prime factors of q?
5, 547
Let c(y) = 6*y**2 - 10*y + 1. Let l be c(-5). Suppose x = -l + 602. List the prime factors of x.
401
Let y be 5/2*(2 - (-1 - -1)). Suppose -3*z = 2*a - 848, 2*a - 5*a = -y*z + 1407. List the prime factors of z.
2, 3, 47
Let u = -118 + 115. What are the prime factors of 30/45 - (0 - (-1033)/u)?
3, 5, 23
Let k(g) = g**2 + 7 + 4 + 3 - 3 - 5*g. Let j be (-1)/1*(-100)/10. What are the prime factors of k(j)?
61
Suppose 4*d - 2*p = 8*d + 22543 - 113963, 0 = 3*p. What are the prime factors of d?
5, 7, 653
Let q be ((-16)/14)/((-40)/140). Suppose 139 = o - x, -q*x + 511 = 4*o + x. Suppose -7*y + o = -307. List the prime factors of y.
3, 7
Suppose -2*i + w + 439 = -83783, 126339 = 3*i - 3*w. What are the prime factors of i?
17, 2477
Suppose 11*q - 27 = -1369. Let j = q + 39. Let a = j - -131. What are the prime factors of a?
2, 3
Let i be 2362 + (1/(-3))/(1/(-6)). Let o = i - 382. What are the prime factors of o?
2, 991
Let u(z) = -18*z**3 + 24*z**2 - 9*z + 17. Let n(x) = -10*x**3 + 12*x**2 - 5*x + 9. Let i(q) = 11*n(q) - 6*u(q). What are the prime factors of i(-9)?
2, 3, 41
Let n be (-6 - -9) + -8 + (-14)/(-2). Suppose -2*u + n*m + 1584 = 5*m, 4*u = -m + 3178. List the prime factors of u.
3, 5, 53
Suppose -3*z = 2*y + 10, -2*y + 22 = -0*z - 5*z. Let d be 5*((-8)/z + 0). Suppose 2*g + d = 0, 2*g = -3*t + 4*g + 277. What are the prime factors of t?
89
Suppose d - 5*l - 752 = 5351, 5*d + 4*l = 30399. What are the prime factors of d?
7, 11, 79
Let t(x) = 39*x + 375. Let g(c) = -53. Let d(z) = 14*g(z) + 2*t(z). Let y be ((-2)/4)/(1/(-2)). List the prime factors of d(y).
2, 43
Suppose -6*o + 4*o - 5*t + 33 = 0, -24 = -o - 4*t. Suppose -7*h + 4*h = -o*a - 4060, 2700 = 2*h + 4*a. List the prime factors of h.
2, 13
Let u(x) = 2*x - 33. Let p be u(19). Suppose 23 = p*f - 2. Suppose -4*a - 4 = -f*a. What are the prime factors of a?
2
Let i be (10/14)/1*(-41 - -48). Suppose i*v = -5*w + 275, 3*w + w - 220 = -v. List the prime factors of w.
5, 11
Let g = -291 + 757. What are the prime factors of g + (-10)/(-4)*8/(-5)?
2, 3, 7, 11
Let h(l) = 22*l**2 - 116*l - 2440. What are the prime factors of h(-29)?
2, 11, 883
Let n be (((-6)/(-4))/3)/(5/(-360)). List the prime factors of 5 + n/4 + 421.
3, 139
Suppose 2*a = -3*o, 3 = -a - 0*a. List the prime factors of (o - 2 - 1 - -2)*509.
509
Let q(p) = p**3 + 5*p**2 + 7*p + 8. Let s be (-2)/(1/(-2) - -1). Let g be q(s). List the prime factors of (1 + 1)*-18*3/g.
3
Let r be 0 + -1 - (-5 + 5 - 7). Suppose -81 = r*p - 1443. What are the prime factors of p?
227
Let z(d) = 40*d - 2403. List the prime factors of z(74).
557
Suppose 4*d + 1214 = -3*w, 6*w + 1614 = 2*w - 3*d. Let i = w - -571. What are the prime factors of i?
13
Suppose -6 = 3*k, 3*d - d - 3*k = 142. Let j = -64 + d. Suppose -2*h - 80 = -4*h + j*b, 4*b - 100 = -4*h. What are the prime factors of h?
2, 3, 5
Let a = 30312 - 7340. What are the prime factors of a?
2, 5743
Let h = 33194 + 35875. What are the prime factors of h?
3, 7, 11, 13, 23
Let m = 26 - -37. Let k = -60 + m. Suppose 5*z + 248 = 2*c + k*z, -c = 3*z - 144. List the prime factors of c.
3, 43
Let u(h) = -3*h**2 + 21*h + 2. Let z be u(3). List the prime factors of (2244/(-8) - -13)*z/(-5).
19, 107
Let p = -303 - -425. Suppose p = d - 5*f, 0*d - 2*f + 256 = 2*d. Let z = d - 73. List the prime factors of z.
2, 3
Let i = 2 - -1. Let p be 2 + -7 - -7 - -272. Suppose i*g = -4*w + p + 69, -4*g = 12. List the prime factors of w.
2, 11
Let q(w) = -423*w + 379. What are the prime factors of q(-53)?
2, 11399
Let x(j) = 2*j**2 + 139*j + 1174. What are the prime factors of x(113)?
13, 251
Let l(k) = -k**2 - 4*k + 18. Let